{"id":1663,"date":"2025-08-27T12:57:31","date_gmt":"2025-08-27T10:57:31","guid":{"rendered":"https:\/\/roscosmic.com\/?page_id=1663"},"modified":"2025-08-28T09:30:54","modified_gmt":"2025-08-28T07:30:54","slug":"lunchtime-dialogue","status":"publish","type":"page","link":"https:\/\/roscosmic.com\/index.php\/lunchtime-dialogue\/","title":{"rendered":"lunchtime dialogue"},"content":{"rendered":"\t\t<div data-elementor-type=\"wp-page\" data-elementor-id=\"1663\" class=\"elementor elementor-1663\" data-elementor-post-type=\"page\">\n\t\t\t\t<div class=\"elementor-element elementor-element-48cb95f e-grid e-con-boxed e-con e-parent\" data-id=\"48cb95f\" data-element_type=\"container\">\n\t\t\t\t\t<div class=\"e-con-inner\">\n\t\t\t\t<div class=\"elementor-element elementor-element-9035b21 elementor-widget elementor-widget-spacer\" data-id=\"9035b21\" data-element_type=\"widget\" data-widget_type=\"spacer.default\">\n\t\t\t\t\t\t\t<div class=\"elementor-spacer\">\n\t\t\t<div class=\"elementor-spacer-inner\"><\/div>\n\t\t<\/div>\n\t\t\t\t\t\t<\/div>\n\t\t\t\t\t<\/div>\n\t\t\t\t<\/div>\n\t\t<div class=\"elementor-element elementor-element-45a35e4 e-flex e-con-boxed e-con e-parent\" data-id=\"45a35e4\" data-element_type=\"container\">\n\t\t\t\t\t<div class=\"e-con-inner\">\n\t\t<div class=\"elementor-element elementor-element-4a268a5 e-con-full e-flex e-con e-child\" data-id=\"4a268a5\" data-element_type=\"container\">\n\t\t\t\t<div class=\"elementor-element elementor-element-908ffb8 elementor-widget elementor-widget-text-editor\" data-id=\"908ffb8\" data-element_type=\"widget\" data-settings=\"{&quot;sticky&quot;:&quot;top&quot;,&quot;sticky_on&quot;:[&quot;desktop&quot;],&quot;sticky_offset&quot;:0,&quot;sticky_effects_offset&quot;:0,&quot;sticky_anchor_link_offset&quot;:0}\" data-widget_type=\"text-editor.default\">\n\t\t\t\t\t\t\t\t\t<p>\u00a0<\/p><p style=\"text-align: right;\"><span style=\"font-size: 24pt;\">LUNCHTIME DIALOGUE<\/span><\/p><p style=\"text-align: right;\">Conf\u00e9rence de presse de Roscosmic \u00e0 l\u2019Agence Spatiale Europ\u00e9enne<\/p><p style=\"text-align: right;\"><span style=\"font-family: avara black, Helvetica, sans-serif;\">[2023]\u00a0\u00a0<\/span><\/p><p style=\"text-align: right;\"><span style=\"font-family: karrik, Helvetica, sans-serif;\">enregistrement vid\u00e9o d\u2019une performance r\u00e9alis\u00e9e \u00e0 l\u2019European Space Operation Center (ESOC) &#8211; Press Center, Allemagne, 14min<\/span><br \/><span style=\"text-decoration: underline; font-family: karrik, Helvetica, sans-serif;\"><span style=\"color: #ffffff;\"><a style=\"color: #ffffff; text-decoration: underline;\" href=\"https:\/\/vimeo.com\/870639464?share=copy\"><span style=\"font-size: 10pt;\">lien vid\u00e9o<\/span><\/a><\/span><\/span><\/p>\t\t\t\t\t\t\t\t<\/div>\n\t\t\t\t<\/div>\n\t\t<div class=\"elementor-element elementor-element-ab23b6d e-con-full e-flex e-con e-child\" data-id=\"ab23b6d\" data-element_type=\"container\">\n\t\t\t\t<div class=\"elementor-element elementor-element-2710ccb elementor-widget elementor-widget-image\" data-id=\"2710ccb\" data-element_type=\"widget\" data-widget_type=\"image.default\">\n\t\t\t\t\t\t\t\t\t\t\t\t\t\t\t<img fetchpriority=\"high\" decoding=\"async\" width=\"1024\" height=\"576\" src=\"https:\/\/roscosmic.com\/wp-content\/uploads\/2025\/08\/Lunchtime-dialogue_space-treaty-copie-1-1024x576.png\" class=\"attachment-large size-large wp-image-1824\" alt=\"\" srcset=\"https:\/\/roscosmic.com\/wp-content\/uploads\/2025\/08\/Lunchtime-dialogue_space-treaty-copie-1-1024x576.png 1024w, https:\/\/roscosmic.com\/wp-content\/uploads\/2025\/08\/Lunchtime-dialogue_space-treaty-copie-1-300x169.png 300w, https:\/\/roscosmic.com\/wp-content\/uploads\/2025\/08\/Lunchtime-dialogue_space-treaty-copie-1-768x432.png 768w, https:\/\/roscosmic.com\/wp-content\/uploads\/2025\/08\/Lunchtime-dialogue_space-treaty-copie-1-1536x864.png 1536w, https:\/\/roscosmic.com\/wp-content\/uploads\/2025\/08\/Lunchtime-dialogue_space-treaty-copie-1.png 1920w\" sizes=\"(max-width: 1024px) 100vw, 1024px\" \/>\t\t\t\t\t\t\t\t\t\t\t\t\t\t\t<\/div>\n\t\t\t\t<div class=\"elementor-element elementor-element-74f11d8 elementor-widget elementor-widget-image\" data-id=\"74f11d8\" data-element_type=\"widget\" data-widget_type=\"image.default\">\n\t\t\t\t\t\t\t\t\t\t\t\t\t\t\t<img decoding=\"async\" width=\"1024\" height=\"576\" src=\"https:\/\/roscosmic.com\/wp-content\/uploads\/2025\/08\/2023-09-20-12-58-32-Lunchtime-Dialogue-Louise-Charlier-RAW.00_09_57_09.Still004-1024x576.png\" class=\"attachment-large size-large wp-image-1748\" alt=\"\" srcset=\"https:\/\/roscosmic.com\/wp-content\/uploads\/2025\/08\/2023-09-20-12-58-32-Lunchtime-Dialogue-Louise-Charlier-RAW.00_09_57_09.Still004-1024x576.png 1024w, https:\/\/roscosmic.com\/wp-content\/uploads\/2025\/08\/2023-09-20-12-58-32-Lunchtime-Dialogue-Louise-Charlier-RAW.00_09_57_09.Still004-300x169.png 300w, https:\/\/roscosmic.com\/wp-content\/uploads\/2025\/08\/2023-09-20-12-58-32-Lunchtime-Dialogue-Louise-Charlier-RAW.00_09_57_09.Still004-768x432.png 768w, https:\/\/roscosmic.com\/wp-content\/uploads\/2025\/08\/2023-09-20-12-58-32-Lunchtime-Dialogue-Louise-Charlier-RAW.00_09_57_09.Still004-1536x864.png 1536w, https:\/\/roscosmic.com\/wp-content\/uploads\/2025\/08\/2023-09-20-12-58-32-Lunchtime-Dialogue-Louise-Charlier-RAW.00_09_57_09.Still004.png 1920w\" sizes=\"(max-width: 1024px) 100vw, 1024px\" \/>\t\t\t\t\t\t\t\t\t\t\t\t\t\t\t<\/div>\n\t\t\t\t<div class=\"elementor-element elementor-element-a404724 elementor-widget elementor-widget-image\" data-id=\"a404724\" data-element_type=\"widget\" data-widget_type=\"image.default\">\n\t\t\t\t\t\t\t\t\t\t\t\t\t\t\t<img decoding=\"async\" width=\"1024\" height=\"576\" src=\"https:\/\/roscosmic.com\/wp-content\/uploads\/2025\/08\/2023-09-20-12-58-32-Lunchtime-Dialogue-Louise-Charlier-RAW.00_08_11_49.Still003-1024x576.png\" class=\"attachment-large size-large wp-image-1747\" alt=\"\" srcset=\"https:\/\/roscosmic.com\/wp-content\/uploads\/2025\/08\/2023-09-20-12-58-32-Lunchtime-Dialogue-Louise-Charlier-RAW.00_08_11_49.Still003-1024x576.png 1024w, https:\/\/roscosmic.com\/wp-content\/uploads\/2025\/08\/2023-09-20-12-58-32-Lunchtime-Dialogue-Louise-Charlier-RAW.00_08_11_49.Still003-300x169.png 300w, https:\/\/roscosmic.com\/wp-content\/uploads\/2025\/08\/2023-09-20-12-58-32-Lunchtime-Dialogue-Louise-Charlier-RAW.00_08_11_49.Still003-768x432.png 768w, https:\/\/roscosmic.com\/wp-content\/uploads\/2025\/08\/2023-09-20-12-58-32-Lunchtime-Dialogue-Louise-Charlier-RAW.00_08_11_49.Still003-1536x864.png 1536w, https:\/\/roscosmic.com\/wp-content\/uploads\/2025\/08\/2023-09-20-12-58-32-Lunchtime-Dialogue-Louise-Charlier-RAW.00_08_11_49.Still003.png 1920w\" sizes=\"(max-width: 1024px) 100vw, 1024px\" \/>\t\t\t\t\t\t\t\t\t\t\t\t\t\t\t<\/div>\n\t\t\t\t<\/div>\n\t\t\t\t\t<\/div>\n\t\t\t\t<\/div>\n\t\t\t\t<\/div>\n\t\t\n    <div class=\"xs_social_share_widget xs_share_url after_content \t\tmain_content  wslu-style-1 wslu-share-box-shaped wslu-fill-colored wslu-none wslu-share-horizontal wslu-theme-font-no wslu-main_content\">\n\n\t\t\n        <ul>\n\t\t\t        <\/ul>\n    <\/div> \n","protected":false},"excerpt":{"rendered":"<p>\u00a0 LUNCHTIME DIALOGUE Conf\u00e9rence de presse de Roscosmic \u00e0 l\u2019Agence Spatiale Europ\u00e9enne [2023]\u00a0\u00a0 enregistrement vid\u00e9o d\u2019une performance r\u00e9alis\u00e9e \u00e0 l\u2019European Space Operation Center (ESOC) &#8211; Press Center, Allemagne, 14minlien vid\u00e9o<\/p>\n","protected":false},"author":1,"featured_media":0,"parent":0,"menu_order":0,"comment_status":"closed","ping_status":"closed","template":"elementor_header_footer","meta":{"postBodyCss":"","postBodyMargin":[],"postBodyPadding":[],"postBodyBackground":{"backgroundType":"classic","gradient":""},"ngg_post_thumbnail":0,"footnotes":""},"class_list":["post-1663","page","type-page","status-publish","hentry"],"_links":{"self":[{"href":"https:\/\/roscosmic.com\/index.php\/wp-json\/wp\/v2\/pages\/1663","targetHints":{"allow":["GET"]}}],"collection":[{"href":"https:\/\/roscosmic.com\/index.php\/wp-json\/wp\/v2\/pages"}],"about":[{"href":"https:\/\/roscosmic.com\/index.php\/wp-json\/wp\/v2\/types\/page"}],"author":[{"embeddable":true,"href":"https:\/\/roscosmic.com\/index.php\/wp-json\/wp\/v2\/users\/1"}],"replies":[{"embeddable":true,"href":"https:\/\/roscosmic.com\/index.php\/wp-json\/wp\/v2\/comments?post=1663"}],"version-history":[{"count":10,"href":"https:\/\/roscosmic.com\/index.php\/wp-json\/wp\/v2\/pages\/1663\/revisions"}],"predecessor-version":[{"id":1893,"href":"https:\/\/roscosmic.com\/index.php\/wp-json\/wp\/v2\/pages\/1663\/revisions\/1893"}],"wp:attachment":[{"href":"https:\/\/roscosmic.com\/index.php\/wp-json\/wp\/v2\/media?parent=1663"}],"curies":[{"name":"wp","href":"https:\/\/api.w.org\/{rel}","templated":true}]}}